
List the prime factors of 3874.
2, 13, 149
What are the prime factors of 4903?
4903
List the prime factors of 6620.
2, 5, 331
What are the prime factors of 2553?
3, 23, 37
What are the prime factors of 4401?
3, 163
List the prime factors of 4980.
2, 3, 5, 83
What are the prime factors of 7396?
2, 43
List the prime factors of 25865.
5, 7, 739
What are the prime factors of 844?
2, 211
List the prime factors of 13584.
2, 3, 283
What are the prime factors of 12642?
2, 3, 7, 43
What are the prime factors of 2241?
3, 83
List the prime factors of 81364.
2, 20341
What are the prime factors of 7491?
3, 11, 227
List the prime factors of 46333.
7, 6619
What are the prime factors of 393?
3, 131
List the prime factors of 32134.
2, 16067
List the prime factors of 406.
2, 7, 29
List the prime factors of 7155.
3, 5, 53
What are the prime factors of 21624?
2, 3, 17, 53
List the prime factors of 16749.
3, 1861
What are the prime factors of 15125?
5, 11
What are the prime factors of 7965?
3, 5, 59
List the prime factors of 166.
2, 83
List the prime factors of 63110.
2, 5, 6311
What are the prime factors of 696?
2, 3, 29
List the prime factors of 572.
2, 11, 13
What are the prime factors of 8512?
2, 7, 19
List the prime factors of 9815.
5, 13, 151
What are the prime factors of 41895?
3, 5, 7, 19
List the prime factors of 1768.
2, 13, 17
List the prime factors of 3845.
5, 769
What are the prime factors of 44875?
5, 359
What are the prime factors of 10074?
2, 3, 23, 73
What are the prime factors of 159830?
2, 5, 11, 1453
List the prime factors of 57531.
3, 127, 151
List the prime factors of 835.
5, 167
What are the prime factors of 1664?
2, 13
What are the prime factors of 86902?
2, 43451
List the prime factors of 593.
593
What are the prime factors of 10593?
3, 11, 107
List the prime factors of 2790.
2, 3, 5, 31
List the prime factors of 1019.
1019
List the prime factors of 2893.
11, 263
List the prime factors of 9150.
2, 3, 5, 61
What are the prime factors of 39812?
2, 37, 269
List the prime factors of 6813.
3, 757
What are the prime factors of 56?
2, 7
What are the prime factors of 5277?
3, 1759
List the prime factors of 695.
5, 139
What are the prime factors of 10708?
2, 2677
List the prime factors of 13760.
2, 5, 43
What are the prime factors of 4464?
2, 3, 31
List the prime factors of 3063.
3, 1021
What are the prime factors of 81325?
5, 3253
List the prime factors of 521.
521
List the prime factors of 3978.
2, 3, 13, 17
What are the prime factors of 14748?
2, 3, 1229
List the prime factors of 6846.
2, 3, 7, 163
What are the prime factors of 92615?
5, 18523
List the prime factors of 1705.
5, 11, 31
What are the prime factors of 400?
2, 5
List the prime factors of 961.
31
List the prime factors of 53675.
5, 19, 113
List the prime factors of 144.
2, 3
What are the prime factors of 607?
607
What are the prime factors of 685?
5, 137
List the prime factors of 9623.
9623
What are the prime factors of 1592?
2, 199
List the prime factors of 90.
2, 3, 5
What are the prime factors of 30827?
29, 1063
List the prime factors of 7287.
3, 7, 347
What are the prime factors of 213?
3, 71
What are the prime factors of 796?
2, 199
What are the prime factors of 2884?
2, 7, 103
List the prime factors of 116508.
2, 3, 7, 19, 73
List the prime factors of 5807.
5807
What are the prime factors of 241?
241
What are the prime factors of 5247?
3, 11, 53
What are the prime factors of 4541?
19, 239
List the prime factors of 16740.
2, 3, 5, 31
What are the prime factors of 2?
2
List the prime factors of 760.
2, 5, 19
List the prime factors of 31739.
17, 1867
What are the prime factors of 1492?
2, 373
What are the prime factors of 28046?
2, 37, 379
What are the prime factors of 3613?
3613
List the prime factors of 571.
571
List the prime factors of 135.
3, 5
List the prime factors of 721.
7, 103
List the prime factors of 89604.
2, 3, 19, 131
List the prime factors of 35314.
2, 17657
What are the prime factors of 1893?
3, 631
What are the prime factors of 1535?
5, 307
What are the prime factors of 39801?
3, 13267
What are the prime factors of 66094?
2, 7, 4721
List the prime factors of 3.
3
List the prime factors of 916.
2, 229
What are the prime factors of 2387?
7, 11, 31
What are the prime factors of 1031?
1031
What are the prime factors of 1466?
2, 733
List the prime factors of 68810.
2, 5, 7, 983
List the prime factors of 55217.
55217
What are the prime factors of 1513?
17, 89
What are the prime factors of 62443?
41, 1523
List the prime factors of 29052.
2, 3, 269
List the prime factors of 13153.
7, 1879
What are the prime factors of 9903?
3, 3301
List the prime factors of 3796.
2, 13, 73
What are the prime factors of 8355?
3, 5, 557
List the prime factors of 3586.
2, 11, 163
List the prime factors of 82631.
19, 4349
What are the prime factors of 11355?
3, 5, 757
List the prime factors of 3336.
2, 3, 139
List the prime factors of 28174.
2, 14087
List the prime factors of 3484.
2, 13, 67
List the prime factors of 25271.
37, 683
What are the prime factors of 21092?
2, 5273
List the prime factors of 19.
19
What are the prime factors of 4089?
3, 29, 47
What are the prime factors of 117379?
107, 1097
What are the prime factors of 32776?
2, 17, 241
List the prime factors of 152.
2, 19
List the prime factors of 66872.
2, 13, 643
What are the prime factors of 1002?
2, 3, 167
List the prime factors of 86136.
2, 3, 37, 97
List the prime factors of 3486.
2, 3, 7, 83
List the prime factors of 55884.
2, 3, 4657
List the prime factors of 675.
3, 5
What are the prime factors of 3102?
2, 3, 11, 47
What are the prime factors of 3046?
2, 1523
List the prime factors of 158.
2, 79
What are the prime factors of 24321?
3, 11, 67
What are the prime factors of 30368?
2, 13, 73
What are the prime factors of 97690?
2, 5, 9769
What are the prime factors of 22521?
3, 7507
What are the prime factors of 8346?
2, 3, 13, 107
List the prime factors of 963.
3, 107
What are the prime factors of 864?
2, 3
What are the prime factors of 491?
491
List the prime factors of 2246.
2, 1123
List the prime factors of 37606.
2, 18803
List the prime factors of 7164.
2, 3, 199
List the prime factors of 2007.
3, 223
List the prime factors of 1221.
3, 11, 37
What are the prime factors of 3314?
2, 1657
What are the prime factors of 1319?
1319
What are the prime factors of 1715?
5, 7
What are the prime factors of 105596?
2, 26399
What are the prime factors of 985?
5, 197
List the prime factors of 2619.
3, 97
What are the prime factors of 227?
227
What are the prime factors of 1556?
2, 389
List the prime factors of 8657.
11, 787
What are the prime factors of 861?
3, 7, 41
List the prime factors of 123657.
3, 47, 877
List the prime factors of 3914.
2, 19, 103
List the prime factors of 3337.
47, 71
List the prime factors of 58088.
2, 53, 137
What are the prime factors of 14022?
2, 3, 19, 41
What are the prime factors of 3406?
2, 13, 131
What are the prime factors of 19?
19
What are the prime factors of 2470?
2, 5, 13, 19
List the prime factors of 346.
2, 173
What are the prime factors of 496?
2, 31
List the prime factors of 22127.
7, 29, 109
List the prime factors of 4586.
2, 2293
List the prime factors of 7629.
3, 2543
What are the prime factors of 622?
2, 311
List the prime factors of 2797.
2797
What are the prime factors of 613?
613
List the prime factors of 1386.
2, 3, 7, 11
What are the prime factors of 1674?
2, 3, 31
List the prime factors of 79182.
2, 3, 53, 83
List the prime factors of 22104.
2, 3, 307
What are the prime factors of 86216?
2, 13, 829
List the prime factors of 5533.
11, 503
What are the prime factors of 7565?
5, 17, 89
What are the prime factors of 31231?
31231
What are the prime factors of 7653?
3, 2551
What are the prime factors of 8875?
5, 71
What are the prime factors of 274?
2, 137
What are the prime factors of 7301?
7, 149
What are the prime factors of 1585?
5, 317
List the prime factors of 29576.
2, 3697
List the prime factors of 4070.
2, 5, 11, 37
List the prime factors of 4258.
2, 2129
What are the prime factors of 100152?
2, 3, 13, 107
What are the prime factors of 9921?
3, 3307
What are the prime factors of 1715?
5, 7
List the prime factors of 2389.
2389
List the prime factors of 9269.
13, 23, 31
What 